{"id":998,"date":"2019-11-05T12:21:31","date_gmt":"2019-11-05T11:21:31","guid":{"rendered":"http:\/\/domino-zentrum.de\/?page_id=998"},"modified":"2019-11-05T12:21:31","modified_gmt":"2019-11-05T11:21:31","slug":"personnes-interessees-provenant-de-pays-arabes","status":"publish","type":"page","link":"https:\/\/domino-zentrum.de\/?page_id=998","title":{"rendered":"Personnes int\u00e9ress\u00e9es provenant de pays arabes"},"content":{"rendered":"<p class=\"western\">Notre partenaire de coop\u00e9ration <em>Assist in Germany<\/em> offre un\u00a0\u00ab ensemble complet \u00bb aux\u00a0personnes int\u00e9ress\u00e9es provenant de pays arabes et\u00a0souhaitant se pr\u00e9parer\u00a0\u00e0 des \u00e9tudes ou \u00e0\u00a0une formation de m\u00e9decin sp\u00e9cialiste en Allemagne. Celui inclut, outre le cours de langue, d\u2019autres services tel que la demande de visa, l\u2019aide \u00e0 la recherche d\u2019un logement\u00a0et l\u2019accueil \u00e0 l\u2019a\u00e9roport.<\/p>\n<p class=\"western\">Pour obtenir plus d\u2019informations, veuillez vous adresser directement \u00e0 <em>Assist in Germany<\/em>:<\/p>\n<p class=\"western\"><a href=\"https:\/\/www.assist-germany.com\"><img decoding=\"async\" loading=\"lazy\" class=\"alignnone size-medium wp-image-877\" src=\"http:\/\/domino-zentrum.de\/wp-content\/uploads\/2018\/09\/ASSSIST-in-Germany_Logo-300x166.jpg\" alt=\"\" width=\"300\" height=\"166\" srcset=\"https:\/\/domino-zentrum.de\/wp-content\/uploads\/2018\/09\/ASSSIST-in-Germany_Logo-300x166.jpg 300w, https:\/\/domino-zentrum.de\/wp-content\/uploads\/2018\/09\/ASSSIST-in-Germany_Logo-768x426.jpg 768w, https:\/\/domino-zentrum.de\/wp-content\/uploads\/2018\/09\/ASSSIST-in-Germany_Logo.jpg 856w\" sizes=\"(max-width: 300px) 100vw, 300px\" \/><\/a><\/p>\n","protected":false},"excerpt":{"rendered":"<p>Notre partenaire de coop\u00e9ration Assist in Germany offre un\u00a0\u00ab ensemble complet \u00bb aux\u00a0personnes int\u00e9ress\u00e9es provenant de pays arabes et\u00a0souhaitant se pr\u00e9parer\u00a0\u00e0 des \u00e9tudes ou \u00e0\u00a0une formation de m\u00e9decin sp\u00e9cialiste en Allemagne. Celui inclut, outre le cours de langue, d\u2019autres services tel que la demande de visa, l\u2019aide \u00e0 la recherche d\u2019un logement\u00a0et l\u2019accueil \u00e0 l\u2019a\u00e9roport&#8230;.<\/p>\n","protected":false},"author":2,"featured_media":0,"parent":0,"menu_order":0,"comment_status":"closed","ping_status":"closed","template":"","meta":[],"_links":{"self":[{"href":"https:\/\/domino-zentrum.de\/index.php?rest_route=\/wp\/v2\/pages\/998"}],"collection":[{"href":"https:\/\/domino-zentrum.de\/index.php?rest_route=\/wp\/v2\/pages"}],"about":[{"href":"https:\/\/domino-zentrum.de\/index.php?rest_route=\/wp\/v2\/types\/page"}],"author":[{"embeddable":true,"href":"https:\/\/domino-zentrum.de\/index.php?rest_route=\/wp\/v2\/users\/2"}],"replies":[{"embeddable":true,"href":"https:\/\/domino-zentrum.de\/index.php?rest_route=%2Fwp%2Fv2%2Fcomments&post=998"}],"version-history":[{"count":4,"href":"https:\/\/domino-zentrum.de\/index.php?rest_route=\/wp\/v2\/pages\/998\/revisions"}],"predecessor-version":[{"id":1017,"href":"https:\/\/domino-zentrum.de\/index.php?rest_route=\/wp\/v2\/pages\/998\/revisions\/1017"}],"wp:attachment":[{"href":"https:\/\/domino-zentrum.de\/index.php?rest_route=%2Fwp%2Fv2%2Fmedia&parent=998"}],"curies":[{"name":"wp","href":"https:\/\/api.w.org\/{rel}","templated":true}]}}