{"id":804,"date":"2018-07-11T09:17:14","date_gmt":"2018-07-11T09:17:14","guid":{"rendered":"http:\/\/domino-zentrum.de\/?page_id=804"},"modified":"2019-05-09T08:09:52","modified_gmt":"2019-05-09T06:09:52","slug":"impressum-und-agb","status":"publish","type":"page","link":"https:\/\/domino-zentrum.de\/?page_id=804","title":{"rendered":"Impressum und AGB"},"content":{"rendered":"<p class=\"western\"><strong>Domino-Zentrum e.V.<\/strong><br \/>\nZentrum f\u00fcr Bildung und Erziehung<br \/>\nKaiser-Wilhelm-Stra\u00dfe 21<br \/>\n67059 Ludwigshafen<\/p>\n<p class=\"western\">Telefon: 0621\/3195438<br \/>\nTelefax: 0621\/5454185<\/p>\n<p class=\"western\">E-Mail: info@domino-zentrum.de<\/p>\n<p class=\"western\">1. Vorsitzende: Frau Derya Ayd\u0131n<\/p>\n<p class=\"western\">Vereinsregister: Amtsgericht Ludwigshafen VR 60984<\/p>\n<p class=\"western\"><b>Haftungsbeschr\u00e4nkung<\/b><br \/>\nDie Inhalte dieser Website werden mit gr\u00f6\u00dftm\u00f6glicher Sorgfalt erstellt. Der Anbieter \u00fcbernimmt jedoch keine Gew\u00e4hr f\u00fcr die Richtigkeit, Vollst\u00e4ndigkeit und Aktualit\u00e4t der bereitgestellten Inhalte. Die Nutzung der Inhalte der Website erfolgt auf eigene Gefahr des Nutzers.<\/p>\n<p class=\"western\">Diese Website enth\u00e4lt Verkn\u00fcpfungen zu Websites Dritter (\u201eexterne Links\u201c). Diese Websites unterliegen der Haftung der jeweiligen Betreiber. Der Anbieter hat keinerlei Einfluss auf die aktuelle und zuk\u00fcnftige Gestaltung und auf die Inhalte der verkn\u00fcpften Seiten.<\/p>\n<p class=\"western\"><b>Allgemeine Gesch\u00e4ftsbedingungen<\/b><br \/>\nUnsere Allgemeinen Gesch\u00e4ftsbedingungen k\u00f6nnen Sie <a href=\"http:\/\/domino-zentrum.de\/wp-content\/uploads\/2019\/05\/AGB-Domino-Zentrum.pdf\">hier<\/a> als PDF-Datei herunterladen.<\/p>\n<p class=\"western\"><b>Datenschutz<\/b><br \/>\nInformationen zur Verwendung Ihrer Daten sowie Ihrer Rechte nach der EU-Datenschutz-Verordnung k\u00f6nnen Sie <a href=\"http:\/\/domino-zentrum.de\/wp-content\/uploads\/2018\/07\/DSVO-Domino-Zentrum.pdf\" target=\"_blank\" rel=\"noopener noreferrer\">hier<\/a> als PDF-Datei herunterladen.<\/p>\n","protected":false},"excerpt":{"rendered":"<p>Domino-Zentrum e.V. Zentrum f\u00fcr Bildung und Erziehung Kaiser-Wilhelm-Stra\u00dfe 21 67059 Ludwigshafen Telefon: 0621\/3195438 Telefax: 0621\/5454185 E-Mail: info@domino-zentrum.de 1. Vorsitzende: Frau Derya Ayd\u0131n Vereinsregister: Amtsgericht Ludwigshafen VR 60984 Haftungsbeschr\u00e4nkung Die Inhalte dieser Website werden mit gr\u00f6\u00dftm\u00f6glicher Sorgfalt erstellt. Der Anbieter \u00fcbernimmt jedoch keine Gew\u00e4hr f\u00fcr die Richtigkeit, Vollst\u00e4ndigkeit und Aktualit\u00e4t der bereitgestellten Inhalte. Die Nutzung der&#8230;<\/p>\n","protected":false},"author":2,"featured_media":0,"parent":0,"menu_order":0,"comment_status":"closed","ping_status":"closed","template":"","meta":[],"_links":{"self":[{"href":"https:\/\/domino-zentrum.de\/index.php?rest_route=\/wp\/v2\/pages\/804"}],"collection":[{"href":"https:\/\/domino-zentrum.de\/index.php?rest_route=\/wp\/v2\/pages"}],"about":[{"href":"https:\/\/domino-zentrum.de\/index.php?rest_route=\/wp\/v2\/types\/page"}],"author":[{"embeddable":true,"href":"https:\/\/domino-zentrum.de\/index.php?rest_route=\/wp\/v2\/users\/2"}],"replies":[{"embeddable":true,"href":"https:\/\/domino-zentrum.de\/index.php?rest_route=%2Fwp%2Fv2%2Fcomments&post=804"}],"version-history":[{"count":3,"href":"https:\/\/domino-zentrum.de\/index.php?rest_route=\/wp\/v2\/pages\/804\/revisions"}],"predecessor-version":[{"id":918,"href":"https:\/\/domino-zentrum.de\/index.php?rest_route=\/wp\/v2\/pages\/804\/revisions\/918"}],"wp:attachment":[{"href":"https:\/\/domino-zentrum.de\/index.php?rest_route=%2Fwp%2Fv2%2Fmedia&parent=804"}],"curies":[{"name":"wp","href":"https:\/\/api.w.org\/{rel}","templated":true}]}}