{"id":794,"date":"2018-07-11T09:15:21","date_gmt":"2018-07-11T09:15:21","guid":{"rendered":"http:\/\/domino-zentrum.de\/?page_id=794"},"modified":"2019-11-04T12:57:42","modified_gmt":"2019-11-04T11:57:42","slug":"nachhilfe-2","status":"publish","type":"page","link":"https:\/\/domino-zentrum.de\/?page_id=794","title":{"rendered":"Nachhilfe"},"content":{"rendered":"<p class=\"western\">Wir bieten Nachhilfe in den F\u00e4chern Deutsch, Mathematik, Englisch und Franz\u00f6sisch f\u00fcr alle Schulformen und Klassenstufen an. In Kleingruppen oder im Einzelunterricht wird der aktuelle Schulstoff behandelt, wiederholt und vertieft. Anstehende Klassenarbeiten und Pr\u00fcfungen werden gezielt vorbereitet und Wissensl\u00fccken systematisch aufgearbeitet.<\/p>\n<p class=\"western\">In der t\u00e4glichen Hausaufgabenhilfe wird Ihr Kind zudem bei der Erledigung der Hausaufgaben unterst\u00fctzt.<\/p>\n<p class=\"western\">Ziel unserer Arbeit ist es, Ihrem Kind nicht nur kurzfristig bei schulischen Problemen zu helfen, sondern ihm die Sicherheit und Motivation zu geben, durch die es sich dauerhaft verbessert.<\/p>\n<p class=\"western\"><b>Ferienprogramme<\/b><br \/>\nIn den Schulferien sowie an gesetzlichen Feiertagen findet keine regul\u00e4re Nachhilfe und Hausaufgabenhilfe statt. Daf\u00fcr bieten wir in den Herbst-, Oster- und Sommerferien kompakte Ferienprogramme an, bei denen die Kinder ihr Wissen in verschiedenen Schulf\u00e4chern auffrischen, sich mit anderen Themen auseinandersetzen und kleine Ausfl\u00fcge in der Stadt unternehmen.<\/p>\n<p class=\"western\"><b>Weitere F\u00e4cher und Programme<\/b><br \/>\nWenn Sie Interesse an weiteren Schulf\u00e4chern oder anderen Programmen zur individuellen F\u00f6rderung Ihres Kindes haben, sprechen Sie uns an.<\/p>\n<p class=\"western\"><b>Unterrichtszeiten und Preise<\/b><br \/>\nNachhilfe und Hausaufgabenhilfe finden in der Regel von Montag bis Freitag zu folgenden Zeiten statt:<\/p>\n<table>\n<tbody>\n<tr>\n<td>13:15 Uhr \u2013 14:00 Uhr<\/td>\n<td>Nachhilfe Einzelunterricht<\/td>\n<\/tr>\n<tr>\n<td>14:00 Uhr \u2013 15:00 Uhr<\/td>\n<td>Hausaufgabenhilfe<\/td>\n<\/tr>\n<tr>\n<td>15:00 Uhr \u2013 15:45 Uhr<\/td>\n<td>Nachhilfe Gruppen- und Einzelunterricht<\/td>\n<\/tr>\n<tr>\n<td>15:45 Uhr \u2013 16:30 Uhr<\/td>\n<td>Nachhilfe Gruppen- und Einzelunterricht<\/td>\n<\/tr>\n<tr>\n<td>16:30 Uhr \u2013 17:15 Uhr<\/td>\n<td>Nachhilfe Gruppen- und Einzelunterricht<\/td>\n<\/tr>\n<tr>\n<td>17:15 Uhr \u2013 18:00 Uhr<\/td>\n<td>Nachhilfe Einzelunterricht<\/td>\n<\/tr>\n<\/tbody>\n<\/table>\n<p class=\"western\">Die konkreten Preise und Termine richten sich nach der Anzahl der Unterrichtseinheiten und der Laufzeit der Anmeldung. Erfragen Sie diese bitte in einem pers\u00f6nlichen Beratungsgespr\u00e4ch.<\/p>\n<p class=\"western\"><b>F\u00f6rderm\u00f6glichkeiten<\/b><br \/>\nSeit einigen Jahren besteht das Programm Bildung und Teilhabe. Im Rahmen dieses Programms werden f\u00fcr Kinder und Jugendliche aus Familien, die Sozialleistungen (z.B. Arbeitslosengeld II oder Wohngeld) beziehen, unter anderem die Kosten f\u00fcr den Nachhilfeunterricht \u00fcbernommen. Wir unterst\u00fctzen Sie jederzeit gerne bei der Antragstellung. Weitere Informationen zum Programm Bildung und Teilhabe finden Sie <a href=\"http:\/\/www.ludwigshafen.de\/buergernah\/buergerservice\/dienstleistungen-a-z\/detail\/services-detail\/bildung-und-teilhabe\/\" target=\"_blank\" rel=\"noopener noreferrer\">hier<\/a>.<\/p>\n","protected":false},"excerpt":{"rendered":"<p>Wir bieten Nachhilfe in den F\u00e4chern Deutsch, Mathematik, Englisch und Franz\u00f6sisch f\u00fcr alle Schulformen und Klassenstufen an. In Kleingruppen oder im Einzelunterricht wird der aktuelle Schulstoff behandelt, wiederholt und vertieft. Anstehende Klassenarbeiten und Pr\u00fcfungen werden gezielt vorbereitet und Wissensl\u00fccken systematisch aufgearbeitet. In der t\u00e4glichen Hausaufgabenhilfe wird Ihr Kind zudem bei der Erledigung der Hausaufgaben unterst\u00fctzt&#8230;.<\/p>\n","protected":false},"author":2,"featured_media":0,"parent":0,"menu_order":0,"comment_status":"closed","ping_status":"closed","template":"","meta":[],"_links":{"self":[{"href":"https:\/\/domino-zentrum.de\/index.php?rest_route=\/wp\/v2\/pages\/794"}],"collection":[{"href":"https:\/\/domino-zentrum.de\/index.php?rest_route=\/wp\/v2\/pages"}],"about":[{"href":"https:\/\/domino-zentrum.de\/index.php?rest_route=\/wp\/v2\/types\/page"}],"author":[{"embeddable":true,"href":"https:\/\/domino-zentrum.de\/index.php?rest_route=\/wp\/v2\/users\/2"}],"replies":[{"embeddable":true,"href":"https:\/\/domino-zentrum.de\/index.php?rest_route=%2Fwp%2Fv2%2Fcomments&post=794"}],"version-history":[{"count":3,"href":"https:\/\/domino-zentrum.de\/index.php?rest_route=\/wp\/v2\/pages\/794\/revisions"}],"predecessor-version":[{"id":1011,"href":"https:\/\/domino-zentrum.de\/index.php?rest_route=\/wp\/v2\/pages\/794\/revisions\/1011"}],"wp:attachment":[{"href":"https:\/\/domino-zentrum.de\/index.php?rest_route=%2Fwp%2Fv2%2Fmedia&parent=794"}],"curies":[{"name":"wp","href":"https:\/\/api.w.org\/{rel}","templated":true}]}}