{"id":792,"date":"2018-07-11T09:14:56","date_gmt":"2018-07-11T09:14:56","guid":{"rendered":"http:\/\/domino-zentrum.de\/?page_id=792"},"modified":"2018-07-11T09:14:56","modified_gmt":"2018-07-11T09:14:56","slug":"individuelle-forderung","status":"publish","type":"page","link":"https:\/\/domino-zentrum.de\/?page_id=792","title":{"rendered":"Individuelle F\u00f6rderung"},"content":{"rendered":"<p class=\"western\">Wenn Sie sich gezielt auf eine Sprachpr\u00fcfung (z.B. telc, Goethe, DSH, TestDaF) vorbereiten m\u00f6chten oder keine Zeit f\u00fcr die Teilnahme an unseren Gruppenkursen haben, bieten wir Ihnen selbstverst\u00e4ndlich individuelle Kurse im Einzelunterricht an.<\/p>\n<p class=\"western\"><b>Unterrichtszeiten, Termine und Preise<\/b><br \/>\nIndividuelle Sprachkurse finden im Einzelunterricht statt. Daher k\u00f6nnen wir uns in Bezug auf Umfang, Unterrichtszeiten und Temine an Ihren Vorstellungen orientieren. In einem pers\u00f6nlichen Gespr\u00e4ch beraten wir Sie gerne und machen Ihnen ein auf Sie zugeschnittenes Angebot.<\/p>\n","protected":false},"excerpt":{"rendered":"<p>Wenn Sie sich gezielt auf eine Sprachpr\u00fcfung (z.B. telc, Goethe, DSH, TestDaF) vorbereiten m\u00f6chten oder keine Zeit f\u00fcr die Teilnahme an unseren Gruppenkursen haben, bieten wir Ihnen selbstverst\u00e4ndlich individuelle Kurse im Einzelunterricht an. Unterrichtszeiten, Termine und Preise Individuelle Sprachkurse finden im Einzelunterricht statt. Daher k\u00f6nnen wir uns in Bezug auf Umfang, Unterrichtszeiten und Temine an&#8230;<\/p>\n","protected":false},"author":2,"featured_media":0,"parent":0,"menu_order":0,"comment_status":"closed","ping_status":"closed","template":"","meta":[],"_links":{"self":[{"href":"https:\/\/domino-zentrum.de\/index.php?rest_route=\/wp\/v2\/pages\/792"}],"collection":[{"href":"https:\/\/domino-zentrum.de\/index.php?rest_route=\/wp\/v2\/pages"}],"about":[{"href":"https:\/\/domino-zentrum.de\/index.php?rest_route=\/wp\/v2\/types\/page"}],"author":[{"embeddable":true,"href":"https:\/\/domino-zentrum.de\/index.php?rest_route=\/wp\/v2\/users\/2"}],"replies":[{"embeddable":true,"href":"https:\/\/domino-zentrum.de\/index.php?rest_route=%2Fwp%2Fv2%2Fcomments&post=792"}],"version-history":[{"count":1,"href":"https:\/\/domino-zentrum.de\/index.php?rest_route=\/wp\/v2\/pages\/792\/revisions"}],"predecessor-version":[{"id":793,"href":"https:\/\/domino-zentrum.de\/index.php?rest_route=\/wp\/v2\/pages\/792\/revisions\/793"}],"wp:attachment":[{"href":"https:\/\/domino-zentrum.de\/index.php?rest_route=%2Fwp%2Fv2%2Fmedia&parent=792"}],"curies":[{"name":"wp","href":"https:\/\/api.w.org\/{rel}","templated":true}]}}